of w?
1
Let t = -86 - -151. What is the units digit of t?
5
Let u(q) = -3*q**2 + 2*q + 2. Suppose -3 = -3*r + 3. Let h be u(r). What is the units digit of 6/9*h/(-4)?
1
Let r be -10 - (-5 + (6 - 3)). Let f = r - -16. What is the units digit of f?
8
Suppose 0 = -2*v - 3*v + 80. Suppose -4 + v = 3*n. Suppose n = 3*m - m. What is the units digit of m?
2
Suppose b - 5*a = -4*b + 40, -b - 2*a - 4 = 0. Suppose -p + 9 = 4*w, -b*p - p + 23 = -2*w. What is the units digit of p?
5
Let v(j) = 4*j**2 + 7*j - 7. Let y be v(-6). Suppose 3*k = 8*k - y. What is the units digit of k?
9
Let m(s) = -s**3 - 12*s**2 + s + 14. Let v be m(-12). Suppose 5*r = -v*z + 53, -1 = 2*r - 7. What is the tens digit of z?
1
Suppose -5*v + r = -11, 0 = 4*v + 3*r - 7 + 2. Let x be (3 + 1)/v*1. Let j = x - -3. What is the units digit of j?
5
Let d = 21 - -33. What is the units digit of d?
4
Let j be (-44)/4*1 - 3. Let d = j - -20. What is the units digit of d?
6
Let s = -12 - -8. Let p = s - -6. Let x = p - 1. What is the units digit of x?
1
Let d(q) = -q**3 - 16*q**2 - 19*q + 17. What is the tens digit of d(-15)?
7
Suppose 5*i + 195 = 5*w, -w - i = 14 - 53. What is the units digit of w?
9
Suppose 5*x + 12 = -8. Let k be (-6 + 0)*2/x. Suppose -h + k = -2. What is the units digit of h?
5
Let q = 8 + -5. What is the units digit of q?
3
Let u(n) = -n. Suppose 3*z + 4*y - 7 = 0, 3*y - 13 = -z - y. What is the units digit of u(z)?
3
Let v(x) = -15*x + 2. What is the units digit of v(-5)?
7
Let o be (0 + (-16)/(-20))*20. Suppose 0 = -3*x - 2*x + 2*i + o, -x = -5*i - 17. What is the units digit of x?
2
Suppose -3*o - q = q - 44, 0 = -4*q - 8. Let t = -9 + o. What is the units digit of t?
7
Let s(x) be the first derivative of -8*x - 3/2*x**2 - 4. What is the tens digit of s(-9)?
1
What is the units digit of (6/((-6)/2))/(1/(-34))?
8
Suppose -2 = -2*f - 4. Let c = -10 - -12. What is the units digit of 2*2/(c + f)?
4
Let o = 43 + -21. Let k = 16 - o. Let u(d) = d**2 + 4*d - 8. What is the units digit of u(k)?
4
Let g = -4 + 8. Suppose -3*n + 3*i - 9 = 0, 7*n - g*n + i - 7 = 0. Suppose s - n = x, -2 = x - 4*s + 8. What is the units digit of x?
2
Suppose -a = 3*v - 322, 5*v - 681 + 141 = -5*a. What is the units digit of v?
7
Let m(n) = -5*n. Let d be (-36)/20 - 2/10. Let i be m(d). Let l = i + -7. What is the units digit of l?
3
Suppose -5*t = -9 - 146. What is the tens digit of t?
3
Suppose 48 - 273 = -5*z. What is the tens digit of z?
4
Let y be (-99)/(-2) + 1/2. Let d = y - 25. What is the tens digit of d?
2
Suppose 5*n = -2*m + 526, -m + 2*n = -0*m - 281. What is the tens digit of m?
7
Let w(n) be the first derivative of n**3/3 + n**2/2 - 3. What is the units digit of w(1)?
2
Suppose r = -2*r - 3*b + 99, 5*r - b = 159. Let u be (r/(-6))/(1/(-3)). Suppose -61 = -3*m - u. What is the units digit of m?
5
Let m be 4/(-10) - 24/(-10). Let d = 39 + -14. Suppose -m*v + d = 3*v. What is the units digit of v?
5
Let c(w) = 4*w. What is the units digit of c(9)?
6
Let u(c) be the second derivative of -7/2*c**2 + 1/2*c**3 - c + 0. What is the units digit of u(5)?
8
Suppose -n = -3*n + 102. What is the tens digit of n?
5
Let l = 559 - 252. What is the units digit of l?
7
Suppose 2*l - 1 = -n, 3*l + 28 = 5*n - 3. Suppose 21 = 2*y + n. Suppose -o - o + y = 0. What is the units digit of o?
4
Let n = 500 + -287. What is the hundreds digit of n?
2
Let a be -1 + 2 + 3/3. Suppose -5*p - 95 = -3*x - a*x, -2*x + p + 41 = 0. What is the tens digit of x?
2
Suppose 0 = h - 6*h + 3*f - 8, 24 = -h - 5*f. Let k(u) = 4*u**2 + 2*u**2 + 2*u - 5*u**2. What is the units digit of k(h)?
8
Let t be ((-3)/(-1))/((-6)/(-18)). Suppose t = -c - 5*k, -k = -c - 0 + 3. What is the units digit of c?
1
Suppose j - 4*f + 140 = 3*j, 2*j - f - 135 = 0. What is the units digit of j?
8
Let r = 80 - 52. What is the units digit of r?
8
Let t(b) = -3*b**3 - 17*b**2 + 8*b - 7. Let v(j) = 2*j**3 + 9*j**2 - 4*j + 4. Let x(w) = -3*t(w) - 5*v(w). What is the tens digit of x(4)?
1
Let l(w) = 3*w**2 + 11*w + 13. What is the units digit of l(-5)?
3
Let z be (3 + -63)*(-4)/3. Suppose -4*f + z = 3*s, -2*s + 32 = 2*f - 10. What is the units digit of f?
7
Let y(a) = -3*a. Let m(o) = o**3 - 3*o**2 + 2*o - 1. Let h be m(2). What is the units digit of y(h)?
3
What is the tens digit of ((-2)/4)/(-4 + 2538/636)?
5
Let k(i) = -i**3 - i**2. Suppose -2*l = 3*d + 16, -8 = -d + 6*l - 4*l. What is the units digit of k(d)?
4
Suppose 3*s - 213 = h, 4*s - 371 = -2*h - 87. What is the units digit of s?
1
Suppose 3*x = 2*z - 1, -4*x + 7*x = 3. What is the tens digit of 40*(6/z)/6?
2
Let o = 13 + 0. What is the units digit of o?
3
Let m(z) = -z**3 + 7*z**2 - 3*z - 9. What is the units digit of m(6)?
9
Suppose u + 3*a = -u - 88, -44 = u + 5*a. What is the units digit of 6/33 + (-608)/u?
4
Let f(h) = -6*h**3 + h**2 + h + 4. What is the hundreds digit of f(-3)?
1
Suppose 0 = w + 3 - 2. Let u be 3 + w + -4 + 5. Suppose 8*o - 25 = u*o. What is the units digit of o?
5
Suppose 0*s = 7*s - 889. What is the units digit of s?
7
Let v(b) be the third derivative of -b**5/60 + b**4/8 - b**3/6 - 3*b**2. What is the units digit of v(2)?
1
What is the tens digit of ((-3)/9)/((-5)/705)?
4
Let i(z) = 4*z**2 - 2*z - 2. Suppose -4*w + 6 = -5*o, 0 = 2*o + 2*w + w - 16. What is the tens digit of i(o)?
1
Suppose 5*x + 15 = 5*m, -4*x - x = 4*m + 24. Let g = 16 + x. What is the units digit of g?
2
Let q(i) = i - 9. Let h be q(10). What is the units digit of (-5)/(-3 + h + 1)?
5
Let m(s) = -4*s - s**2 + 0*s + 0*s - 2 - 3*s. What is the units digit of m(-5)?
8
Let z(p) = -p**2 - 16*p + 2. Let i be z(-17). Let x = 31 - i. What is the units digit of x?
6
Suppose -q + 4*h = -h, 8 = q - 3*h. Suppose -3*r = r + q. Let f(t) = -t**2 - 5*t + 1. What is the units digit of f(r)?
1
What is the units digit of 3/9*11*3?
1
Let y = 307 - 127. Suppose -2*b = b - y. Suppose 4*x - b = -x. What is the tens digit of x?
1
Let l(h) = h**2 - 2*h + 2. Let m be l(2). Suppose -5 = -3*x - m*x. What is the units digit of x?
1
Let x(z) = 7*z**2 - 15*z + 3. Let s(o) = 4*o**2 - 8*o + 2. Let v(a) = 5*s(a) - 3*x(a). What is the units digit of v(5)?
1
Let r(p) = 14*p - 1. What is the tens digit of r(3)?
4
Let y(t) = 10*t**2 - 1. What is the units digit of y(2)?
9
Suppose -5*k + 0*k = -150. What is the units digit of k?
0
Suppose -7*v = -2*v - 100. What is the tens digit of v?
2
Let t = 2 - 1. Suppose -5*y - 2*k + 27 = -0*k, -5*k = -3*y + 41. Suppose -j + y = t. What is the units digit of j?
6
Let w = -6 - -12. Let s(o) = o**2. What is the tens digit of s(w)?
3
Suppose 0 = -4*l + 2*s - 46, -3*s + 12 = -3. What is the units digit of (-21)/((-2)/((-12)/l))?
4
Let u(v) be the second derivative of v**5/60 - v**4/24 - 5*v**3/6 - v**2 - v. Let d(f) be the first derivative of u(f). What is the units digit of d(4)?
7
What is the tens digit of 2/(3 - 2)*36 + 0?
7
Suppose 5*r + 14 = -21. What is the units digit of r*(16/(-14) + 1)?
1
Let n(s) = 3*s + 1. Let l(a) = -a**2 + a + 2. Let y be l(0). Let c be n(y). Suppose 4*k - k - o = 17, -5*o = -2*k + c. What is the units digit of k?
6
What is the hundreds digit of (-1058)/(-4) - (3/6 + 0)?
2
Let l(m) = -m**3 - 2*m**2 + m - 1. Let b be l(-3). Suppose -b = -2*u + 17. What is the units digit of u?
1
Let h(c) = c**3 - 2*c**2 + 6. Let i(s) = -2*s**3 + 4*s**2 - s - 13. Let w = -10 - -7. Let u(o) = w*i(o) - 7*h(o). What is the units digit of u(2)?
3
Suppose -2*b + 74 = 22. What is the tens digit of b?
2
Let m(x) = -2*x + 3*x**2 - 1 + 0 + 3*x. What is the units digit of m(-2)?
9
Suppose 3*v + h = 8*v - 325, -v + 76 = 2*h. What is the units digit of v?
6
Suppose g - 24 = -3*b, -4*b + 0*b + 3*g + 45 = 0. Let a = -17 + b. Let c = -5 - a. What is the units digit of c?
3
Let w(x) = 18*x**2 + 2*x - 4. Let d be w(2). Suppose 4 = -2*q + 5*f + 19, 4*f - d = -4*q. What is the units digit of q?
5
Suppose 3*z - 12 - 81 = 0. What is the tens digit of z?
3
Suppose 9 - 3 = -3*f. Let h = f + 2. Suppose 0 = -4*l + 5*g + 16, 2*l - 2*g + h*g - 10 = 0. What is the units digit of l?
9
Let t be (-13 - -2)*-1*4. Suppose 4*i = -0 + t. What is the tens digit of i?
1
Let t = 27 + -8. Suppose -5*i = -2*i - 3*l - 42, 5*l = 2*i - t. What is the units digit of i?
7
Let q = 7 + -4. Suppose -7 = 5*i + q. What is the tens digit